
List the prime factors of 2010713403.
3, 17, 127, 310439
List the prime factors of 13488079.
11, 1226189
What are the prime factors of 516601536?
2, 3, 11, 244603
What are the prime factors of 855974329?
7, 122282047
List the prime factors of 12152478.
2, 3, 13, 155801
List the prime factors of 17163176.
2, 73, 29389
List the prime factors of 3388359109.
47, 571, 126257
List the prime factors of 106598733.
3, 101, 351811
List the prime factors of 78756520.
2, 5, 19, 173, 599
List the prime factors of 149102258.
2, 353, 211193
What are the prime factors of 175984412?
2, 29, 1517107
List the prime factors of 930230011.
930230011
What are the prime factors of 314580843?
3, 61, 573007
What are the prime factors of 720816756?
2, 3, 11, 19, 167, 1721
What are the prime factors of 847826634?
2, 3, 109, 1296371
List the prime factors of 1424773342.
2, 2819, 252709
List the prime factors of 129027843.
3, 7, 37, 18451
List the prime factors of 1455605204.
2, 363901301
What are the prime factors of 27404624?
2, 13, 359, 367
What are the prime factors of 415635305?
5, 83127061
List the prime factors of 711618271.
7, 13, 607, 991
List the prime factors of 207421029.
3, 17, 1355693
List the prime factors of 26949077.
23, 1171699
List the prime factors of 330240934.
2, 163, 1013009
What are the prime factors of 39284161?
7, 17, 23, 31, 463
List the prime factors of 1008223058.
2, 8753, 57593
List the prime factors of 974653117.
974653117
What are the prime factors of 583126492?
2, 13, 19, 31, 79, 241
What are the prime factors of 3466248809?
29, 2687, 44483
List the prime factors of 6002706.
2, 3, 563, 1777
List the prime factors of 211982064.
2, 3, 7, 630899
List the prime factors of 421644624.
2, 3, 8784263
List the prime factors of 243457556.
2, 47, 1294987
What are the prime factors of 181191995?
5, 131, 276629
What are the prime factors of 3283733386?
2, 71, 389, 59447
List the prime factors of 1982210691.
3, 660736897
List the prime factors of 343872863.
31, 41, 270553
List the prime factors of 236888662.
2, 1877, 63103
List the prime factors of 37506805.
5, 7, 153089
What are the prime factors of 12237788?
2, 3059447
What are the prime factors of 42111474?
2, 3, 7018579
List the prime factors of 1696927101.
3, 673, 840479
List the prime factors of 1411133375.
5, 23, 490829
List the prime factors of 750559383.
3, 7, 31, 227, 1693
List the prime factors of 4041064718.
2, 23, 151, 349, 1667
List the prime factors of 171089564.
2, 17, 229, 10987
What are the prime factors of 1579442832?
2, 3, 11, 997123
List the prime factors of 88411469.
88411469
List the prime factors of 58893299.
58893299
List the prime factors of 1031440196.
2, 107, 2409907
List the prime factors of 24725194.
2, 13, 19, 50051
What are the prime factors of 49415433?
3, 547, 30113
List the prime factors of 935898769.
13, 59, 797, 1531
What are the prime factors of 78089114?
2, 39044557
What are the prime factors of 845304581?
11, 76845871
List the prime factors of 1413600488.
2, 176700061
List the prime factors of 1102075110.
2, 3, 5, 29, 31, 53, 257
List the prime factors of 874797196.
2, 7, 13, 343327
List the prime factors of 39771651.
3, 3203, 4139
List the prime factors of 633378132.
2, 3, 43, 619, 661
What are the prime factors of 7227642796?
2, 11, 164264609
List the prime factors of 65060116.
2, 11, 1478639
List the prime factors of 25382578.
2, 13, 976253
What are the prime factors of 177754101?
3, 7, 19, 445499
What are the prime factors of 73444598?
2, 1723, 21313
What are the prime factors of 39601177?
7, 11, 17, 30253
List the prime factors of 442390777.
442390777
List the prime factors of 144931423.
7, 13, 1592653
What are the prime factors of 5129115302?
2, 2564557651
List the prime factors of 391586871.
3, 13, 10040689
List the prime factors of 205783890.
2, 3, 5, 13, 31, 17021
What are the prime factors of 104285152?
2, 3258911
What are the prime factors of 205178533?
7, 127, 32971
What are the prime factors of 2306726519?
2306726519
What are the prime factors of 53524373?
7, 131, 58369
What are the prime factors of 158705855?
5, 7, 11, 58889
List the prime factors of 49016517.
3, 11, 43, 34543
List the prime factors of 58656887.
73, 803519
What are the prime factors of 59457540?
2, 3, 5, 29, 34171
List the prime factors of 141046825.
5, 71, 229, 347
List the prime factors of 2697126594.
2, 3, 449521099
What are the prime factors of 23172565?
5, 13, 356501
What are the prime factors of 5904461?
5904461
What are the prime factors of 4043172556?
2, 47, 2909, 7393
List the prime factors of 4301225496.
2, 3, 997, 19973
What are the prime factors of 16042749?
3, 59, 233, 389
What are the prime factors of 75610010?
2, 5, 7, 1080143
List the prime factors of 251119949.
251119949
What are the prime factors of 470639869?
7, 23, 29, 100801
What are the prime factors of 1004239480?
2, 5, 569, 44123
What are the prime factors of 52316872?
2, 991, 6599
List the prime factors of 78664079.
13, 2179, 2777
What are the prime factors of 56384291?
17, 3316723
List the prime factors of 1407063195.
3, 5, 37, 845083
List the prime factors of 5798638686.
2, 3, 2617, 369293
What are the prime factors of 3590932444?
2, 11, 81612101
List the prime factors of 1767076795.
5, 11, 4297, 7477
List the prime factors of 101529889.
23, 4414343
List the prime factors of 6915385140.
2, 3, 5, 31, 719, 5171
What are the prime factors of 53417686?
2, 7, 3815549
What are the prime factors of 134744355?
3, 5, 2994319
List the prime factors of 264587347.
2579, 102593
What are the prime factors of 2522797989?
3, 157, 5356259
What are the prime factors of 40976647?
17, 2410391
What are the prime factors of 8102606478?
2, 3, 71, 19020203
What are the prime factors of 1483699834?
2, 741849917
What are the prime factors of 1404144285?
3, 5, 93609619
List the prime factors of 114340711.
114340711
List the prime factors of 1939259096.
2, 37, 919, 7129
List the prime factors of 2709808942.
2, 17, 79700263
List the prime factors of 1766594717.
107, 191, 86441
What are the prime factors of 2459204940?
2, 3, 5, 643, 63743
What are the prime factors of 109703625?
3, 5, 19, 89, 173
List the prime factors of 7705739.
79, 103, 947
List the prime factors of 239450716.
2, 2971, 20149
What are the prime factors of 70855542?
2, 3, 131, 151, 199
What are the prime factors of 106675013?
106675013
List the prime factors of 151284478.
2, 23, 6217
List the prime factors of 5121688.
2, 11, 13, 37
List the prime factors of 488240541.
3, 6027661
What are the prime factors of 2363102303?
149, 15859747
What are the prime factors of 3198390219?
3, 39486299
What are the prime factors of 984803377?
984803377
What are the prime factors of 151489561?
151489561
What are the prime factors of 37018359?
3, 7, 137, 4289
What are the prime factors of 6608779973?
2633, 2509981
What are the prime factors of 273472189?
7039, 38851
What are the prime factors of 1571427683?
7, 224489669
List the prime factors of 34594323.
3, 23, 501367
What are the prime factors of 131344082?
2, 73, 899617
What are the prime factors of 2338705384?
2, 292338173
List the prime factors of 14267187.
3, 11, 211, 683
What are the prime factors of 854648372?
2, 173, 1235041
What are the prime factors of 218398237?
47, 1709, 2719
List the prime factors of 4474412514.
2, 3, 11, 13, 101, 5737
What are the prime factors of 73043070?
2, 3, 5, 73, 33353
What are the prime factors of 145462294?
2, 72731147
List the prime factors of 2546964710.
2, 5, 254696471
What are the prime factors of 224988263?
73, 3082031
List the prime factors of 651427716.
2, 3, 433, 125371
List the prime factors of 386453384.
2, 17, 43, 66083
What are the prime factors of 4683112288?
2, 71, 229, 9001
What are the prime factors of 621421164?
2, 3, 7, 13, 29, 31, 211
List the prime factors of 17720779.
17720779
What are the prime factors of 99579031?
101, 241, 4091
List the prime factors of 968929869.
3, 281, 383, 3001
List the prime factors of 186695532.
2, 3, 5185987
List the prime factors of 22026508.
2, 7, 786661
What are the prime factors of 93364727?
19, 37, 59, 2251
List the prime factors of 96490047.
3, 29, 79, 101, 139
What are the prime factors of 257406656?
2, 13, 17, 18199
List the prime factor